{"id":33,"date":"2013-10-07T09:25:28","date_gmt":"2013-10-07T09:25:28","guid":{"rendered":"http:\/\/www.ejeatb.es\/?page_id=33"},"modified":"2023-01-27T14:02:51","modified_gmt":"2023-01-27T14:02:51","slug":"contacto","status":"publish","type":"page","link":"https:\/\/www.ejeatb.es\/?page_id=33","title":{"rendered":"Contacto"},"content":{"rendered":"<p>Puedes contactar con nosotros a trav\u00e9s de:<\/p>\n<p>ejeatb@gmail.com<\/p>\n<p>976 660362<\/p>\n<p>616 937 478<\/p>\n<p>690 375 662<\/p>\n<p>nos encontramos en:<\/p>\n<p>Paseo de la Constituci\u00f3n, 31 de Ejea de los Caballeros, 50600 (Zaragoza), Espa\u00f1a<\/p>\n<div id=\"attachment_315\" style=\"width: 160px\" class=\"wp-caption alignnone\"><a href=\"https:\/\/www.google.es\/maps\/place\/Paseo+de+la+Constituci%C3%B3n,+31,+50600+Ejea+de+los+Caballeros,+Zaragoza\/@42.122663,-1.138736,17z\/data=!4m2!3m1!1s0xd59893212ee4835:0xdbfa582bf63db0ec\" target=\"_blank\" rel=\"noopener\"><img data-recalc-dims=\"1\" loading=\"lazy\" decoding=\"async\" aria-describedby=\"caption-attachment-315\" data-attachment-id=\"315\" data-permalink=\"https:\/\/www.ejeatb.es\/?attachment_id=315\" data-orig-file=\"https:\/\/i0.wp.com\/www.ejeatb.es\/wp-content\/uploads\/2013\/10\/google-maps.png?fit=212%2C210&amp;ssl=1\" data-orig-size=\"212,210\" data-comments-opened=\"0\" data-image-meta=\"{&quot;aperture&quot;:&quot;0&quot;,&quot;credit&quot;:&quot;&quot;,&quot;camera&quot;:&quot;&quot;,&quot;caption&quot;:&quot;&quot;,&quot;created_timestamp&quot;:&quot;0&quot;,&quot;copyright&quot;:&quot;&quot;,&quot;focal_length&quot;:&quot;0&quot;,&quot;iso&quot;:&quot;0&quot;,&quot;shutter_speed&quot;:&quot;0&quot;,&quot;title&quot;:&quot;&quot;,&quot;orientation&quot;:&quot;0&quot;}\" data-image-title=\"google-maps\" data-image-description=\"\" data-image-caption=\"\" data-medium-file=\"https:\/\/i0.wp.com\/www.ejeatb.es\/wp-content\/uploads\/2013\/10\/google-maps.png?fit=212%2C210&amp;ssl=1\" data-large-file=\"https:\/\/i0.wp.com\/www.ejeatb.es\/wp-content\/uploads\/2013\/10\/google-maps.png?fit=212%2C210&amp;ssl=1\" class=\"wp-image-315 size-thumbnail\" src=\"https:\/\/i0.wp.com\/www.ejeatb.es\/wp-content\/uploads\/2013\/10\/google-maps.png?resize=150%2C150&#038;ssl=1\" alt=\"\" width=\"150\" height=\"150\" srcset=\"https:\/\/i0.wp.com\/www.ejeatb.es\/wp-content\/uploads\/2013\/10\/google-maps.png?resize=150%2C150&amp;ssl=1 150w, https:\/\/i0.wp.com\/www.ejeatb.es\/wp-content\/uploads\/2013\/10\/google-maps.png?w=212&amp;ssl=1 212w\" sizes=\"auto, (max-width: 150px) 100vw, 150px\" \/><\/a><p id=\"caption-attachment-315\" class=\"wp-caption-text\">Donde estamos<\/p><\/div>\n","protected":false},"excerpt":{"rendered":"<p>Puedes contactar con nosotros a trav\u00e9s de: ejeatb@gmail.com 976 660362 616 937 478 690 375 662 nos encontramos en: Paseo de la Constituci\u00f3n, 31 de Ejea de los Caballeros, 50600 (Zaragoza), Espa\u00f1a<\/p>\n","protected":false},"author":1,"featured_media":0,"parent":0,"menu_order":0,"comment_status":"closed","ping_status":"closed","template":"","meta":{"jetpack_post_was_ever_published":false,"footnotes":""},"class_list":["post-33","page","type-page","status-publish","hentry"],"jetpack_sharing_enabled":true,"jetpack_shortlink":"https:\/\/wp.me\/P9mDtv-x","jetpack_likes_enabled":true,"jetpack-related-posts":[],"_links":{"self":[{"href":"https:\/\/www.ejeatb.es\/index.php?rest_route=\/wp\/v2\/pages\/33","targetHints":{"allow":["GET"]}}],"collection":[{"href":"https:\/\/www.ejeatb.es\/index.php?rest_route=\/wp\/v2\/pages"}],"about":[{"href":"https:\/\/www.ejeatb.es\/index.php?rest_route=\/wp\/v2\/types\/page"}],"author":[{"embeddable":true,"href":"https:\/\/www.ejeatb.es\/index.php?rest_route=\/wp\/v2\/users\/1"}],"replies":[{"embeddable":true,"href":"https:\/\/www.ejeatb.es\/index.php?rest_route=%2Fwp%2Fv2%2Fcomments&post=33"}],"version-history":[{"count":11,"href":"https:\/\/www.ejeatb.es\/index.php?rest_route=\/wp\/v2\/pages\/33\/revisions"}],"predecessor-version":[{"id":931,"href":"https:\/\/www.ejeatb.es\/index.php?rest_route=\/wp\/v2\/pages\/33\/revisions\/931"}],"wp:attachment":[{"href":"https:\/\/www.ejeatb.es\/index.php?rest_route=%2Fwp%2Fv2%2Fmedia&parent=33"}],"curies":[{"name":"wp","href":"https:\/\/api.w.org\/{rel}","templated":true}]}}