{"id":18,"date":"2013-10-05T11:50:49","date_gmt":"2013-10-05T11:50:49","guid":{"rendered":"http:\/\/www.ejeatb.es\/?page_id=18"},"modified":"2021-10-06T12:36:33","modified_gmt":"2021-10-06T12:36:33","slug":"servicios","status":"publish","type":"page","link":"https:\/\/www.ejeatb.es\/?page_id=18","title":{"rendered":"Servicios"},"content":{"rendered":"<ul>\n<li><strong>Nuestros trabajos abarcan dentro del sector audiovisual aspectos como:<\/strong><\/li>\n<li style=\"text-align: justify;\">Grabaci\u00f3n y realizaci\u00f3n de spots publicitarios, publirreportajes, v\u00eddeo industrial, realizaci\u00f3n de DVD con autor\u00eda, realizaci\u00f3n de\u00a0\u00a0v\u00eddeo en general para ferias, congresos, demostraciones de maquinaria, equipamiento, obras etc.<\/li>\n<li style=\"text-align: justify;\">Realizaci\u00f3n multic\u00e1mara de eventos en directo, conferencias, competiciones deportivas, presentaciones de empresa productos etc,. Asambleas, as\u00ed como la retransmisi\u00f3n en directo por streaming en HD.<\/li>\n<li style=\"text-align: justify;\">Cobertura para Agencias de Prensa y Televisiones.<\/li>\n<li style=\"text-align: justify;\">Realizaci\u00f3n de documentales de \u00edndole cultural, hist\u00f3rico, tur\u00edstico, etc.<\/li>\n<li>Reportaje social, bodas, celebraciones, acontecimientos, etc.<\/li>\n<li>Digitalizaci\u00f3n de archivos de v\u00eddeo anal\u00f3gico y cine super 8 y 16 mm.<\/li>\n<li>Seguimiento de obras, procesos de restauraci\u00f3n y similares para realizaci\u00f3n de v\u00eddeo-informes.<\/li>\n<li>Fotograf\u00eda panor\u00e1mica-esf\u00e9rica 360\u00ba, realizaci\u00f3n de visitas virtuales, fotograf\u00eda gigapanor\u00e1mica para grandes impresiones de gran formato y m\u00e1ximo detalle.<\/li>\n<li>Grabaci\u00f3n de v\u00eddeo y fotograf\u00eda a\u00e9rea con drones, levantamientos de fotogrametr\u00eda y creaci\u00f3n de nube de puntos, (somos empresa operadora de drones autorizada por AESA, puedes consultar, M\u00aa Antonia Fuertes Soro, (<a href=\"http:\/\/www.seguridadaerea.gob.es\/media\/4305572\/listado_operadores.pdf\">LISTADO DE OPERADORES<\/a>).<\/li>\n<\/ul>\n<p style=\"text-align: center;\"><img data-recalc-dims=\"1\" loading=\"lazy\" decoding=\"async\" data-attachment-id=\"397\" data-permalink=\"https:\/\/www.ejeatb.es\/?attachment_id=397\" data-orig-file=\"https:\/\/i0.wp.com\/www.ejeatb.es\/wp-content\/uploads\/2013\/10\/SET_AECV1.png?fit=800%2C359&amp;ssl=1\" data-orig-size=\"800,359\" data-comments-opened=\"0\" data-image-meta=\"{&quot;aperture&quot;:&quot;0&quot;,&quot;credit&quot;:&quot;&quot;,&quot;camera&quot;:&quot;&quot;,&quot;caption&quot;:&quot;&quot;,&quot;created_timestamp&quot;:&quot;0&quot;,&quot;copyright&quot;:&quot;&quot;,&quot;focal_length&quot;:&quot;0&quot;,&quot;iso&quot;:&quot;0&quot;,&quot;shutter_speed&quot;:&quot;0&quot;,&quot;title&quot;:&quot;&quot;,&quot;orientation&quot;:&quot;0&quot;}\" data-image-title=\"SET_AECV1\" data-image-description=\"\" data-image-caption=\"\" data-medium-file=\"https:\/\/i0.wp.com\/www.ejeatb.es\/wp-content\/uploads\/2013\/10\/SET_AECV1.png?fit=500%2C224&amp;ssl=1\" data-large-file=\"https:\/\/i0.wp.com\/www.ejeatb.es\/wp-content\/uploads\/2013\/10\/SET_AECV1.png?fit=584%2C262&amp;ssl=1\" class=\"aligncenter wp-image-397 size-full\" src=\"https:\/\/i0.wp.com\/www.ejeatb.es\/wp-content\/uploads\/2013\/10\/SET_AECV1.png?resize=584%2C262&#038;ssl=1\" alt=\"SET_AECV1\" width=\"584\" height=\"262\" srcset=\"https:\/\/i0.wp.com\/www.ejeatb.es\/wp-content\/uploads\/2013\/10\/SET_AECV1.png?w=800&amp;ssl=1 800w, https:\/\/i0.wp.com\/www.ejeatb.es\/wp-content\/uploads\/2013\/10\/SET_AECV1.png?resize=500%2C224&amp;ssl=1 500w, https:\/\/i0.wp.com\/www.ejeatb.es\/wp-content\/uploads\/2013\/10\/SET_AECV1.png?resize=768%2C345&amp;ssl=1 768w\" sizes=\"auto, (max-width: 584px) 100vw, 584px\" \/><\/p>\n","protected":false},"excerpt":{"rendered":"<p>Nuestros trabajos abarcan dentro del sector audiovisual aspectos como: Grabaci\u00f3n y realizaci\u00f3n de spots publicitarios, publirreportajes, v\u00eddeo industrial, realizaci\u00f3n de DVD con autor\u00eda, realizaci\u00f3n de\u00a0\u00a0v\u00eddeo en general para ferias, congresos, demostraciones de maquinaria, equipamiento, obras etc. Realizaci\u00f3n multic\u00e1mara de eventos &hellip; <a href=\"https:\/\/www.ejeatb.es\/?page_id=18\">Sigue leyendo <span class=\"meta-nav\">&rarr;<\/span><\/a><\/p>\n","protected":false},"author":1,"featured_media":0,"parent":0,"menu_order":0,"comment_status":"closed","ping_status":"closed","template":"","meta":{"jetpack_post_was_ever_published":false,"footnotes":""},"class_list":["post-18","page","type-page","status-publish","hentry"],"jetpack_sharing_enabled":true,"jetpack_shortlink":"https:\/\/wp.me\/P9mDtv-i","jetpack_likes_enabled":true,"jetpack-related-posts":[],"_links":{"self":[{"href":"https:\/\/www.ejeatb.es\/index.php?rest_route=\/wp\/v2\/pages\/18","targetHints":{"allow":["GET"]}}],"collection":[{"href":"https:\/\/www.ejeatb.es\/index.php?rest_route=\/wp\/v2\/pages"}],"about":[{"href":"https:\/\/www.ejeatb.es\/index.php?rest_route=\/wp\/v2\/types\/page"}],"author":[{"embeddable":true,"href":"https:\/\/www.ejeatb.es\/index.php?rest_route=\/wp\/v2\/users\/1"}],"replies":[{"embeddable":true,"href":"https:\/\/www.ejeatb.es\/index.php?rest_route=%2Fwp%2Fv2%2Fcomments&post=18"}],"version-history":[{"count":21,"href":"https:\/\/www.ejeatb.es\/index.php?rest_route=\/wp\/v2\/pages\/18\/revisions"}],"predecessor-version":[{"id":946,"href":"https:\/\/www.ejeatb.es\/index.php?rest_route=\/wp\/v2\/pages\/18\/revisions\/946"}],"wp:attachment":[{"href":"https:\/\/www.ejeatb.es\/index.php?rest_route=%2Fwp%2Fv2%2Fmedia&parent=18"}],"curies":[{"name":"wp","href":"https:\/\/api.w.org\/{rel}","templated":true}]}}